{"id":25,"date":"2023-08-23T15:50:45","date_gmt":"2023-08-23T21:50:45","guid":{"rendered":"http:\/\/webapp-wordpresssite01.azurewebsites.net\/?page_id=25"},"modified":"2023-09-01T07:41:24","modified_gmt":"2023-09-01T13:41:24","slug":"proyecto-habitacional-el-espino","status":"publish","type":"page","link":"https:\/\/prea.vivienda.gob.sv\/?page_id=25","title":{"rendered":"Proyecto Habitacional El Espino"},"content":{"rendered":"\n<div class=\"wp-block-columns is-layout-flex wp-container-core-columns-is-layout-9d6595d7 wp-block-columns-is-layout-flex\">\n<div class=\"wp-block-column is-layout-flow wp-block-column-is-layout-flow\">\n<figure class=\"wp-block-image size-large\"><img loading=\"lazy\" decoding=\"async\" width=\"1024\" height=\"1024\" src=\"http:\/\/webapp-wordpresssite01.azurewebsites.net\/wp-content\/uploads\/2023\/08\/El-espino-fotos-16-1-1024x1024.jpg\" alt=\"\" class=\"wp-image-522\" srcset=\"https:\/\/prea.vivienda.gob.sv\/wp-content\/uploads\/2023\/08\/El-espino-fotos-16-1-1024x1024.jpg 1024w, https:\/\/prea.vivienda.gob.sv\/wp-content\/uploads\/2023\/08\/El-espino-fotos-16-1-300x300.jpg 300w, https:\/\/prea.vivienda.gob.sv\/wp-content\/uploads\/2023\/08\/El-espino-fotos-16-1-150x150.jpg 150w, https:\/\/prea.vivienda.gob.sv\/wp-content\/uploads\/2023\/08\/El-espino-fotos-16-1-768x768.jpg 768w, https:\/\/prea.vivienda.gob.sv\/wp-content\/uploads\/2023\/08\/El-espino-fotos-16-1-1536x1536.jpg 1536w, https:\/\/prea.vivienda.gob.sv\/wp-content\/uploads\/2023\/08\/El-espino-fotos-16-1-2048x2048.jpg 2048w\" sizes=\"auto, (max-width: 1024px) 100vw, 1024px\" \/><\/figure>\n<\/div>\n\n\n\n<div class=\"wp-block-column is-layout-flow wp-block-column-is-layout-flow\">\n<h4 class=\"wp-block-heading has-text-align-center mt-0 pt-0 mb-5\">Beneficiados<\/h4>\n\n\n\n<div class=\"wp-block-columns is-layout-flex wp-container-core-columns-is-layout-9d6595d7 wp-block-columns-is-layout-flex\">\n<div class=\"wp-block-column is-layout-flow wp-block-column-is-layout-flow\">\n<center>\n    <i class=\"fa-solid fa-2x fa-people-roof\"><\/i>\n    <h5 class=\"m-0 p-2\">Familias<\/h5>\n    <h5 class=\"m-0 p-2\">63<\/h5>\n<\/center>\n<\/div>\n\n\n\n<div class=\"wp-block-column is-layout-flow wp-block-column-is-layout-flow\">\n<center>\n    <i class=\"fa-solid fa-2x fa-person-dress\"><\/i>\n    <h5 class=\"m-0 p-2\">Mujeres<\/h5>\n    <h5 class=\"m-0 p-2\">50<\/h5>\n<\/center>\n<\/div>\n\n\n\n<div class=\"wp-block-column is-layout-flow wp-block-column-is-layout-flow\">\n<center>\n    <i class=\"fa-solid fa-2x fa-person\"><\/i>\n    <h5 class=\"m-0 p-2\">Hombres<\/h5>\n    <h5 class=\"m-0 p-2\">20<\/h5>\n<\/center>\n<\/div>\n\n\n\n<div class=\"wp-block-column is-layout-flow wp-block-column-is-layout-flow\">\n<center>\n    <i class=\"fa-solid fa-2x fa-child-reaching\"><\/i>\n    <h5 class=\"m-0 p-2\">Ni\u00f1os<\/h5>\n    <h5 class=\"m-0 p-2\">25<\/h5>\n<\/center>\n<\/div>\n\n\n\n<div class=\"wp-block-column is-layout-flow wp-block-column-is-layout-flow\">\n<center>\n    <i class=\"fa-solid fa-2x fa-children\"><\/i>\n    <h5 class=\"m-0 p-2\">Jovenes<\/h5>\n    <h5 class=\"m-0 p-2\">7<\/h5>\n<\/center>\n<\/div>\n<\/div>\n\n\n\n<h4 class=\"wp-block-heading has-text-align-center mt-5\">Descripci\u00f3n<\/h4>\n\n\n\n<p>Este proyecto est\u00e1 destinado a proveer de vivienda adecuada a 63 familias, que desde 2015 fueron desalojados por sentencia judicial de la Finca El Espino, se ubicaron en la v\u00eda p\u00fablica en el arriate del bulevar Canciller\u00eda en Antiguo Cuscatl\u00e1n, La Libertad. Instalaron en esta zona ba\u00f1os compartidos y habitaban en viviendas de l\u00e1minas, pl\u00e1stico y madera.&nbsp;<\/p>\n\n\n\n<p>En el 2019 fue el primer PREA, donde las personas pasaron de la zozobra, de vivir sin seguridad, en viviendas informales, a contar con una soluci\u00f3n integral en un lugar seguro y propio. Este complejo habitacional de vivienda en altura (63 viviendas en altura, de 1, 2 y 3 dormitorios, \u00e1rea de parqueo y accesos peatonales) se ejecut\u00f3 con la modalidad de ayuda mutua, cuota justa y subsidio diferenciado, tuvo una inversi\u00f3n de 2.67 millones de d\u00f3lares, incluyendo el aporte de la cooperaci\u00f3n internacional y del Gobierno (implementando la mano de obra aportada por los reos en fase de confianza, incluidos en el Plan Cero Ocio impulsado por el Gobierno Central). Las familias tuvieron acceso a un cr\u00e9dito sin intereses por 12 a\u00f1os, cancelando cuotas entre 40 y 60 d\u00f3lares mensuales.&nbsp;<\/p>\n<\/div>\n<\/div>\n\n\n\n<h2 class=\"wp-block-heading has-text-align-center\">Fotogaler\u00eda<\/h2>\n\n\n<style type=\"text\/css\" scoped>.rbs_gallery_69d28d83048a6Spinner{\r\n\t\t\t\tmargin: 50px auto;\r\n\t\t\t\twidth: 50px;\r\n\t\t\t\theight: 40px;\r\n\t\t\t\ttext-align: center;\r\n\t\t\t\tfont-size: 10px;\r\n\t\t\t}\r\n\t\t\t.rbs_gallery_69d28d83048a6Spinner > div{\r\n\t\t\t  background-color: #333;\r\n\t\t\t  height: 100%;\r\n\t\t\t  width: 6px;\r\n\t\t\t  display: inline-block;\r\n\t\t\t  -webkit-animation: rbs_gallery_69d28d83048a6-stretchdelay 1.2s infinite ease-in-out;\r\n\t\t\t  animation: rbs_gallery_69d28d83048a6-stretchdelay 1.2s infinite ease-in-out;\r\n\t\t\t}\r\n\t\t\t.rbs_gallery_69d28d83048a6Spinner .rbs_gallery_69d28d83048a6Rect2 {\r\n\t\t\t  -webkit-animation-delay: -1.1s;\r\n\t\t\t  animation-delay: -1.1s;\r\n\t\t\t}\r\n\t\t\t.rbs_gallery_69d28d83048a6Spinner .rbs_gallery_69d28d83048a6Rect3 {\r\n\t\t\t  -webkit-animation-delay: -1.0s;\r\n\t\t\t  animation-delay: -1.0s;\r\n\t\t\t}\r\n\t\t\t.rbs_gallery_69d28d83048a6Spinner .rbs_gallery_69d28d83048a6Rect4 {\r\n\t\t\t  -webkit-animation-delay: -0.9s;\r\n\t\t\t  animation-delay: -0.9s;\r\n\t\t\t}\r\n\t\t\t.rbs_gallery_69d28d83048a6Spinner .rbs_gallery_69d28d83048a6Rect5 {\r\n\t\t\t  -webkit-animation-delay: -0.8s;\r\n\t\t\t  animation-delay: -0.8s;\r\n\t\t\t}\r\n\t\t\t@-webkit-keyframes rbs_gallery_69d28d83048a6-stretchdelay {\r\n\t\t\t  0%, 40%, 100% { -webkit-transform: scaleY(0.4) }  \r\n\t\t\t  20% { -webkit-transform: scaleY(1.0) }\r\n\t\t\t}\r\n\t\t\t@keyframes rbs_gallery_69d28d83048a6-stretchdelay {\r\n\t\t\t  0%, 40%, 100% { \r\n\t\t\t    transform: scaleY(0.4);\r\n\t\t\t    -webkit-transform: scaleY(0.4);\r\n\t\t\t  }  20% { \r\n\t\t\t    transform: scaleY(1.0);\r\n\t\t\t    -webkit-transform: scaleY(1.0);\r\n\t\t\t  }\r\n\t\t\t}\r\n\t\t.rbs_gallery_button {\r\ndisplay: none;\r\n}<\/style><div class=\"robo-gallery-wrap robo-gallery-wrap-id253 robo-gallery-grid\" ><div id=\"rbs_gallery_69d28d83048a6-block-loader\" class=\"rbs_gallery_69d28d83048a6Spinner\"><div class=\"rbs_gallery_69d28d83048a6Rect1\"><\/div> <div class=\"rbs_gallery_69d28d83048a6Rect2\"><\/div> <div class=\"rbs_gallery_69d28d83048a6Rect3\"><\/div> <div class=\"rbs_gallery_69d28d83048a6Rect4\"><\/div> <div class=\"rbs_gallery_69d28d83048a6Rect5\"><\/div><\/div><div id=\"robo_gallery_main_block_rbs_gallery_69d28d83048a6\" class=\"robogallery-gallery-253\" style=\"width:100%;margin:0 auto;  display: none;\"><div id=\"rbs_gallery_69d28d83048a6\" data-options=\"rbs_gallery_69d28d83048a6\" style=\"width:100%;\" class=\"robo_gallery  \"><div class=\"rbs-img  category253 \" ><div class=\"rbs-img-image   rbs-lightbox \" ><div class=\"rbs-img-thumbs\"  data-thumbnail=\"https:\/\/prea.vivienda.gob.sv\/wp-content\/uploads\/2023\/08\/El-espino-fotos_Mesa-de-trabajo-1-2.jpg\"  title=\"El espino fotos_Mesa de trabajo 1\"  data-width=\"211\"  data-height=\"125\" ><\/div><div class=\"rbs-img-data-popup\"  data-popup=\"https:\/\/prea.vivienda.gob.sv\/wp-content\/uploads\/2023\/08\/El-espino-fotos_Mesa-de-trabajo-1-2.jpg\"  title=\"El espino fotos_Mesa de trabajo 1\" ><\/div><div class=\"thumbnail-overlay\"><div class=\"rbsIcons\"><i class=\"fa fa-search-plus rbsZoomIcon \" ><\/i><\/div><\/div><\/div><\/div><div class=\"rbs-img  category253 \" ><div class=\"rbs-img-image   rbs-lightbox \" ><div class=\"rbs-img-thumbs\"  data-thumbnail=\"https:\/\/prea.vivienda.gob.sv\/wp-content\/uploads\/2023\/08\/El-espino-fotos-02-2.jpg\"  title=\"El espino fotos-02\"  data-width=\"211\"  data-height=\"125\" ><\/div><div class=\"rbs-img-data-popup\"  data-popup=\"https:\/\/prea.vivienda.gob.sv\/wp-content\/uploads\/2023\/08\/El-espino-fotos-02-2.jpg\"  title=\"El espino fotos-02\" ><\/div><div class=\"thumbnail-overlay\"><div class=\"rbsIcons\"><i class=\"fa fa-search-plus rbsZoomIcon \" ><\/i><\/div><\/div><\/div><\/div><div class=\"rbs-img  category253 \" ><div class=\"rbs-img-image   rbs-lightbox \" ><div class=\"rbs-img-thumbs\"  data-thumbnail=\"https:\/\/prea.vivienda.gob.sv\/wp-content\/uploads\/2023\/08\/El-espino-fotos-03-1.jpg\"  title=\"El espino fotos-03\"  data-width=\"211\"  data-height=\"125\" ><\/div><div class=\"rbs-img-data-popup\"  data-popup=\"https:\/\/prea.vivienda.gob.sv\/wp-content\/uploads\/2023\/08\/El-espino-fotos-03-1.jpg\"  title=\"El espino fotos-03\" ><\/div><div class=\"thumbnail-overlay\"><div class=\"rbsIcons\"><i class=\"fa fa-search-plus rbsZoomIcon \" ><\/i><\/div><\/div><\/div><\/div><div class=\"rbs-img  category253 \" ><div class=\"rbs-img-image   rbs-lightbox \" ><div class=\"rbs-img-thumbs\"  data-thumbnail=\"https:\/\/prea.vivienda.gob.sv\/wp-content\/uploads\/2023\/08\/El-espino-fotos-04-1.jpg\"  title=\"El espino fotos-04\"  data-width=\"211\"  data-height=\"125\" ><\/div><div class=\"rbs-img-data-popup\"  data-popup=\"https:\/\/prea.vivienda.gob.sv\/wp-content\/uploads\/2023\/08\/El-espino-fotos-04-1.jpg\"  title=\"El espino fotos-04\" ><\/div><div class=\"thumbnail-overlay\"><div class=\"rbsIcons\"><i class=\"fa fa-search-plus rbsZoomIcon \" ><\/i><\/div><\/div><\/div><\/div><div class=\"rbs-img  category253 \" ><div class=\"rbs-img-image   rbs-lightbox \" ><div class=\"rbs-img-thumbs\"  data-thumbnail=\"https:\/\/prea.vivienda.gob.sv\/wp-content\/uploads\/2023\/08\/El-espino-fotos-05-1.jpg\"  title=\"El espino fotos-05\"  data-width=\"211\"  data-height=\"125\" ><\/div><div class=\"rbs-img-data-popup\"  data-popup=\"https:\/\/prea.vivienda.gob.sv\/wp-content\/uploads\/2023\/08\/El-espino-fotos-05-1.jpg\"  title=\"El espino fotos-05\" ><\/div><div class=\"thumbnail-overlay\"><div class=\"rbsIcons\"><i class=\"fa fa-search-plus rbsZoomIcon \" ><\/i><\/div><\/div><\/div><\/div><div class=\"rbs-img  category253 \" ><div class=\"rbs-img-image   rbs-lightbox \" ><div class=\"rbs-img-thumbs\"  data-thumbnail=\"https:\/\/prea.vivienda.gob.sv\/wp-content\/uploads\/2023\/08\/El-espino-fotos-06-1.jpg\"  title=\"El espino fotos-06\"  data-width=\"211\"  data-height=\"125\" ><\/div><div class=\"rbs-img-data-popup\"  data-popup=\"https:\/\/prea.vivienda.gob.sv\/wp-content\/uploads\/2023\/08\/El-espino-fotos-06-1.jpg\"  title=\"El espino fotos-06\" ><\/div><div class=\"thumbnail-overlay\"><div class=\"rbsIcons\"><i class=\"fa fa-search-plus rbsZoomIcon \" ><\/i><\/div><\/div><\/div><\/div><div class=\"rbs-img  category253 \" ><div class=\"rbs-img-image   rbs-lightbox \" ><div class=\"rbs-img-thumbs\"  data-thumbnail=\"https:\/\/prea.vivienda.gob.sv\/wp-content\/uploads\/2023\/08\/El-espino-fotos-07-1.jpg\"  title=\"El espino fotos-07\"  data-width=\"211\"  data-height=\"125\" ><\/div><div class=\"rbs-img-data-popup\"  data-popup=\"https:\/\/prea.vivienda.gob.sv\/wp-content\/uploads\/2023\/08\/El-espino-fotos-07-1.jpg\"  title=\"El espino fotos-07\" ><\/div><div class=\"thumbnail-overlay\"><div class=\"rbsIcons\"><i class=\"fa fa-search-plus rbsZoomIcon \" ><\/i><\/div><\/div><\/div><\/div><div class=\"rbs-img  category253 \" ><div class=\"rbs-img-image   rbs-lightbox \" ><div class=\"rbs-img-thumbs\"  data-thumbnail=\"https:\/\/prea.vivienda.gob.sv\/wp-content\/uploads\/2023\/08\/El-espino-fotos-08-1.jpg\"  title=\"El espino fotos-08\"  data-width=\"211\"  data-height=\"125\" ><\/div><div class=\"rbs-img-data-popup\"  data-popup=\"https:\/\/prea.vivienda.gob.sv\/wp-content\/uploads\/2023\/08\/El-espino-fotos-08-1.jpg\"  title=\"El espino fotos-08\" ><\/div><div class=\"thumbnail-overlay\"><div class=\"rbsIcons\"><i class=\"fa fa-search-plus rbsZoomIcon \" ><\/i><\/div><\/div><\/div><\/div><div class=\"rbs-img  category253 \" ><div class=\"rbs-img-image   rbs-lightbox \" ><div class=\"rbs-img-thumbs\"  data-thumbnail=\"https:\/\/prea.vivienda.gob.sv\/wp-content\/uploads\/2023\/08\/El-espino-fotos-09-1.jpg\"  title=\"El espino fotos-09\"  data-width=\"211\"  data-height=\"125\" ><\/div><div class=\"rbs-img-data-popup\"  data-popup=\"https:\/\/prea.vivienda.gob.sv\/wp-content\/uploads\/2023\/08\/El-espino-fotos-09-1.jpg\"  title=\"El espino fotos-09\" ><\/div><div class=\"thumbnail-overlay\"><div class=\"rbsIcons\"><i class=\"fa fa-search-plus rbsZoomIcon \" ><\/i><\/div><\/div><\/div><\/div><div class=\"rbs-img  category253 \" ><div class=\"rbs-img-image   rbs-lightbox \" ><div class=\"rbs-img-thumbs\"  data-thumbnail=\"https:\/\/prea.vivienda.gob.sv\/wp-content\/uploads\/2023\/08\/El-espino-fotos-10-1.jpg\"  title=\"El espino fotos-10\"  data-width=\"211\"  data-height=\"125\" ><\/div><div class=\"rbs-img-data-popup\"  data-popup=\"https:\/\/prea.vivienda.gob.sv\/wp-content\/uploads\/2023\/08\/El-espino-fotos-10-1.jpg\"  title=\"El espino fotos-10\" ><\/div><div class=\"thumbnail-overlay\"><div class=\"rbsIcons\"><i class=\"fa fa-search-plus rbsZoomIcon \" ><\/i><\/div><\/div><\/div><\/div><div class=\"rbs-img  category253 \" ><div class=\"rbs-img-image   rbs-lightbox \" ><div class=\"rbs-img-thumbs\"  data-thumbnail=\"https:\/\/prea.vivienda.gob.sv\/wp-content\/uploads\/2023\/08\/El-espino-fotos-11-1.jpg\"  title=\"El espino fotos-11\"  data-width=\"211\"  data-height=\"125\" ><\/div><div class=\"rbs-img-data-popup\"  data-popup=\"https:\/\/prea.vivienda.gob.sv\/wp-content\/uploads\/2023\/08\/El-espino-fotos-11-1.jpg\"  title=\"El espino fotos-11\" ><\/div><div class=\"thumbnail-overlay\"><div class=\"rbsIcons\"><i class=\"fa fa-search-plus rbsZoomIcon \" ><\/i><\/div><\/div><\/div><\/div><div class=\"rbs-img  category253 \" ><div class=\"rbs-img-image   rbs-lightbox \" ><div class=\"rbs-img-thumbs\"  data-thumbnail=\"https:\/\/prea.vivienda.gob.sv\/wp-content\/uploads\/2023\/08\/El-espino-fotos-12-1.jpg\"  title=\"El espino fotos-12\"  data-width=\"211\"  data-height=\"125\" ><\/div><div class=\"rbs-img-data-popup\"  data-popup=\"https:\/\/prea.vivienda.gob.sv\/wp-content\/uploads\/2023\/08\/El-espino-fotos-12-1.jpg\"  title=\"El espino fotos-12\" ><\/div><div class=\"thumbnail-overlay\"><div class=\"rbsIcons\"><i class=\"fa fa-search-plus rbsZoomIcon \" ><\/i><\/div><\/div><\/div><\/div><div class=\"rbs-img  category253 \" ><div class=\"rbs-img-image   rbs-lightbox \" ><div class=\"rbs-img-thumbs\"  data-thumbnail=\"https:\/\/prea.vivienda.gob.sv\/wp-content\/uploads\/2023\/08\/El-espino-fotos-13-1.jpg\"  title=\"El espino fotos-13\"  data-width=\"211\"  data-height=\"125\" ><\/div><div class=\"rbs-img-data-popup\"  data-popup=\"https:\/\/prea.vivienda.gob.sv\/wp-content\/uploads\/2023\/08\/El-espino-fotos-13-1.jpg\"  title=\"El espino fotos-13\" ><\/div><div class=\"thumbnail-overlay\"><div class=\"rbsIcons\"><i class=\"fa fa-search-plus rbsZoomIcon \" ><\/i><\/div><\/div><\/div><\/div><div class=\"rbs-img  category253 \" ><div class=\"rbs-img-image   rbs-lightbox \" ><div class=\"rbs-img-thumbs\"  data-thumbnail=\"https:\/\/prea.vivienda.gob.sv\/wp-content\/uploads\/2023\/08\/El-espino-fotos-14-1.jpg\"  title=\"El espino fotos-14\"  data-width=\"211\"  data-height=\"125\" ><\/div><div class=\"rbs-img-data-popup\"  data-popup=\"https:\/\/prea.vivienda.gob.sv\/wp-content\/uploads\/2023\/08\/El-espino-fotos-14-1.jpg\"  title=\"El espino fotos-14\" ><\/div><div class=\"thumbnail-overlay\"><div class=\"rbsIcons\"><i class=\"fa fa-search-plus rbsZoomIcon \" ><\/i><\/div><\/div><\/div><\/div><div class=\"rbs-img  category253 \" ><div class=\"rbs-img-image   rbs-lightbox \" ><div class=\"rbs-img-thumbs\"  data-thumbnail=\"https:\/\/prea.vivienda.gob.sv\/wp-content\/uploads\/2023\/08\/El-espino-fotos-15-1.jpg\"  title=\"El espino fotos-15\"  data-width=\"211\"  data-height=\"125\" ><\/div><div class=\"rbs-img-data-popup\"  data-popup=\"https:\/\/prea.vivienda.gob.sv\/wp-content\/uploads\/2023\/08\/El-espino-fotos-15-1.jpg\"  title=\"El espino fotos-15\" ><\/div><div class=\"thumbnail-overlay\"><div class=\"rbsIcons\"><i class=\"fa fa-search-plus rbsZoomIcon \" ><\/i><\/div><\/div><\/div><\/div><div class=\"rbs-img  category253 \" ><div class=\"rbs-img-image   rbs-lightbox \" ><div class=\"rbs-img-thumbs\"  data-thumbnail=\"https:\/\/prea.vivienda.gob.sv\/wp-content\/uploads\/2023\/08\/El-espino-fotos-16-1.jpg\"  title=\"El espino fotos-16\"  data-width=\"211\"  data-height=\"125\" ><\/div><div class=\"rbs-img-data-popup\"  data-popup=\"https:\/\/prea.vivienda.gob.sv\/wp-content\/uploads\/2023\/08\/El-espino-fotos-16-1.jpg\"  title=\"El espino fotos-16\" ><\/div><div class=\"thumbnail-overlay\"><div class=\"rbsIcons\"><i class=\"fa fa-search-plus rbsZoomIcon \" ><\/i><\/div><\/div><\/div><\/div><div class=\"rbs-img  category253 \" ><div class=\"rbs-img-image   rbs-lightbox \" ><div class=\"rbs-img-thumbs\"  data-thumbnail=\"https:\/\/prea.vivienda.gob.sv\/wp-content\/uploads\/2023\/08\/El-espino-fotos-17-1.jpg\"  title=\"El espino fotos-17\"  data-width=\"211\"  data-height=\"125\" ><\/div><div class=\"rbs-img-data-popup\"  data-popup=\"https:\/\/prea.vivienda.gob.sv\/wp-content\/uploads\/2023\/08\/El-espino-fotos-17-1.jpg\"  title=\"El espino fotos-17\" ><\/div><div class=\"thumbnail-overlay\"><div class=\"rbsIcons\"><i class=\"fa fa-search-plus rbsZoomIcon \" ><\/i><\/div><\/div><\/div><\/div><div class=\"rbs-img  category253 \" ><div class=\"rbs-img-image   rbs-lightbox \" ><div class=\"rbs-img-thumbs\"  data-thumbnail=\"https:\/\/prea.vivienda.gob.sv\/wp-content\/uploads\/2023\/08\/El-espino-fotos-18-1.jpg\"  title=\"El espino fotos-18\"  data-width=\"211\"  data-height=\"125\" ><\/div><div class=\"rbs-img-data-popup\"  data-popup=\"https:\/\/prea.vivienda.gob.sv\/wp-content\/uploads\/2023\/08\/El-espino-fotos-18-1.jpg\"  title=\"El espino fotos-18\" ><\/div><div class=\"thumbnail-overlay\"><div class=\"rbsIcons\"><i class=\"fa fa-search-plus rbsZoomIcon \" ><\/i><\/div><\/div><\/div><\/div><div class=\"rbs-img  category253 \" ><div class=\"rbs-img-image   rbs-lightbox \" ><div class=\"rbs-img-thumbs\"  data-thumbnail=\"https:\/\/prea.vivienda.gob.sv\/wp-content\/uploads\/2023\/08\/El-espino-fotos-19-1.jpg\"  title=\"El espino fotos-19\"  data-width=\"211\"  data-height=\"125\" ><\/div><div class=\"rbs-img-data-popup\"  data-popup=\"https:\/\/prea.vivienda.gob.sv\/wp-content\/uploads\/2023\/08\/El-espino-fotos-19-1.jpg\"  title=\"El espino fotos-19\" ><\/div><div class=\"thumbnail-overlay\"><div class=\"rbsIcons\"><i class=\"fa fa-search-plus rbsZoomIcon \" ><\/i><\/div><\/div><\/div><\/div><div class=\"rbs-img  category253 \" ><div class=\"rbs-img-image   rbs-lightbox \" ><div class=\"rbs-img-thumbs\"  data-thumbnail=\"https:\/\/prea.vivienda.gob.sv\/wp-content\/uploads\/2023\/08\/El-espino-fotos-20-1.jpg\"  title=\"El espino fotos-20\"  data-width=\"211\"  data-height=\"125\" ><\/div><div class=\"rbs-img-data-popup\"  data-popup=\"https:\/\/prea.vivienda.gob.sv\/wp-content\/uploads\/2023\/08\/El-espino-fotos-20-1.jpg\"  title=\"El espino fotos-20\" ><\/div><div class=\"thumbnail-overlay\"><div class=\"rbsIcons\"><i class=\"fa fa-search-plus rbsZoomIcon \" ><\/i><\/div><\/div><\/div><\/div><\/div><\/div><\/div><script>var rbs_gallery_69d28d83048a6 = {\"version\":\"3.2.16\",\"id\":253,\"class\":\"id253\",\"roboGalleryDelay\":1000,\"mainContainer\":\"#robo_gallery_main_block_rbs_gallery_69d28d83048a6\",\"loadingContainer\":\"#rbs_gallery_69d28d83048a6-block-loader\",\"loadingContainerObj\":\"rbs_gallery_69d28d83048a6-block-loader\",\"columnWidth\":\"auto\",\"columns\":3,\"resolutions\":[{\"columnWidth\":\"auto\",\"columns\":3,\"maxWidth\":960},{\"columnWidth\":\"auto\",\"columns\":2,\"maxWidth\":650},{\"columnWidth\":\"auto\",\"columns\":1,\"maxWidth\":450}],\"hideTitle\":true,\"lightboxOptions\":{\"gallery\":{\"enabled\":true,\"tCounter\":\"%curr% of %total%\"}},\"overlayEffect\":\"direction-aware-fade\",\"boxesToLoadStart\":3,\"boxesToLoad\":8,\"LoadingWord\":\"Loading...\",\"loadMoreWord\":\"Load More\",\"noMoreEntriesWord\":\"No More Entries\",\"horizontalSpaceBetweenBoxes\":15,\"verticalSpaceBetweenBoxes\":15,\"lazyLoad\":0,\"wrapContainer\":\"#robo-gallery-wrap-rbs_gallery_69d28d83048a6\"};<\/script>\n","protected":false},"excerpt":{"rendered":"<div class=\"parrafos-blancos-letranegra\"><p>Beneficiados Familias 63 Mujeres 50 Hombres 20 Ni\u00f1os 25 Jovenes 7 Descripci\u00f3n Este proyecto est\u00e1 destinado a proveer de vivienda adecuada a 63 familias, que desde 2015 fueron desalojados por sentencia judicial de la Finca El Espino, se ubicaron en la v\u00eda p\u00fablica en el arriate del bulevar Canciller\u00eda en Antiguo Cuscatl\u00e1n, La Libertad. Instalaron [&hellip;]<\/p>\n<\/div>","protected":false},"author":1,"featured_media":0,"parent":0,"menu_order":0,"comment_status":"closed","ping_status":"closed","template":"","meta":{"footnotes":""},"class_list":["post-25","page","type-page","status-publish","hentry"],"_links":{"self":[{"href":"https:\/\/prea.vivienda.gob.sv\/index.php?rest_route=\/wp\/v2\/pages\/25","targetHints":{"allow":["GET"]}}],"collection":[{"href":"https:\/\/prea.vivienda.gob.sv\/index.php?rest_route=\/wp\/v2\/pages"}],"about":[{"href":"https:\/\/prea.vivienda.gob.sv\/index.php?rest_route=\/wp\/v2\/types\/page"}],"author":[{"embeddable":true,"href":"https:\/\/prea.vivienda.gob.sv\/index.php?rest_route=\/wp\/v2\/users\/1"}],"replies":[{"embeddable":true,"href":"https:\/\/prea.vivienda.gob.sv\/index.php?rest_route=%2Fwp%2Fv2%2Fcomments&post=25"}],"version-history":[{"count":46,"href":"https:\/\/prea.vivienda.gob.sv\/index.php?rest_route=\/wp\/v2\/pages\/25\/revisions"}],"predecessor-version":[{"id":555,"href":"https:\/\/prea.vivienda.gob.sv\/index.php?rest_route=\/wp\/v2\/pages\/25\/revisions\/555"}],"wp:attachment":[{"href":"https:\/\/prea.vivienda.gob.sv\/index.php?rest_route=%2Fwp%2Fv2%2Fmedia&parent=25"}],"curies":[{"name":"wp","href":"https:\/\/api.w.org\/{rel}","templated":true}]}}